the remainder when w is divided by (-6)/3*5/q?
3
Let z = 28 - 5. Let c = -7016 - -7120. Calculate the remainder when c is divided by z.
12
Let y = -55 - -85. Let a(z) = -z**2 + 358*z + 3059. What is the remainder when a(-8) is divided by y?
11
Let s(n) = -n + 7*n**2 - 2*n**3 + n**3 - 6*n + 9 + 3*n. Let k(y) = 4*y**2 - 11*y + 3. What is the remainder when k(6) is divided by s(6)?
18
Suppose 0*m = -m. Calculate the remainder when (0 - m) + (20 - -1) is divided by (19 - (-32)/(-8)) + 14/(224/(-144)).
3
Let m = -30734 + 30847. Suppose -4*h - 3*x + 88 + 182 = 0, 0 = -3*x + 6. Calculate the remainder when m is divided by h.
47
Suppose 4*x - 655 = -x. Let y(f) = -11*f**3 + 87*f**2 + 46*f - 282. What is the remainder when x is divided by y(8)?
21
Suppose 3*l + 3*k - 133 = 8*k, 0 = -4*l - 5*k + 189. Calculate the remainder when 164 is divided by l.
26
Let r = -12289 + 15141. What is the remainder when r is divided by 168?
164
Let d(f) = 8*f + 124. Let z be d(-15). Suppose z*s + 930 = 986. What is the remainder when 29 is divided by s?
1
Suppose u = -2*u + 33. Let y(r) = -39 + 31 + u*r - 30. Calculate the remainder when 28 is divided by y(5).
11
Let r(u) = -114*u**3 + 6*u**2 + 2*u + 227*u**3 - 114*u**3 + 17 + 3*u**2. Calculate the remainder when r(5) is divided by 36.
19
Let n = 3025 - 2306. Calculate the remainder when n is divided by 15.
14
Suppose 5*t = 3*u + 941, 23*t + 2*u + 374 = 25*t. What is the remainder when 142 is divided by (-2 - t/(-10)) + 1?
16
Suppose -1452 = 294*d - 305*d. What is the remainder when d is divided by 41?
9
Let i be -1*(-46)/5 - 1/5. Suppose 0 = -i*a - 12*a + 504. What is the remainder when 60 is divided by a?
12
Suppose -4*s - 4*x + 29 = -63, -2*s - 5*x = -70. What is the remainder when 2633 is divided by s?
8
Suppose -w + 1 = -v - 2, 2*v + 3*w - 19 = 0. Suppose -2*h - 11 + 45 = -d, -76 = -5*h - v*d. Calculate the remainder when 58 is divided by h.
10
Suppose 0 = -25*z + 24*z + 31*z - 105360. What is the remainder when z is divided by 14?
12
Suppose 2*k + 39 = 7*k + 3*g, 2*k - 3*g - 24 = 0. Let w = 8261 + -8255. Calculate the remainder when 1*5*k/3 is divided by w.
3
Suppose -42 = -v - 4*d, 2*v + 117 - 177 = -4*d. Calculate the remainder when 14867 is divided by v.
17
Suppose 3*n - 342 = -45. Suppose n = j + 4*c, j = 2*c - 10 + 85. Let f = 102 - 81. Calculate the remainder when j is divided by f.
20
Let t(n) = -n**2 + 64*n - 802. Calculate the remainder when 168 is divided by t(45).
9
Let f = 34 - 160. Let w = -74 - f. Calculate the remainder when 206 is divided by w.
50
Suppose 0 = 4*z - 7*z + t + 638, 653 = 3*z - 4*t. What is the remainder when z is divided by 67?
10
Suppose -3*i + 80 = 2*w, -4*w + 269 - 325 = -3*i. Calculate the remainder when 89 is divided by i.
17
Suppose 3*x - 631 = -4*c, 5*x - 18139*c = -18142*c + 1048. Suppose 4*v = -3*b + 66, 3*v = -5*b + 35 + 9. What is the remainder when x is divided by v?
11
Suppose 0 = 71*w - 34892 + 2658. Calculate the remainder when 461 is divided by w.
7
Let x be (-2)/7 - (2 - 27203/77). Let t = -334 + x. What is the remainder when 131 is divided by t?
12
Let s = 5364 - 4632. Calculate the remainder when s is divided by 344.
44
Suppose -2525 = -4*y - 1057. Calculate the remainder when y is divided by 116.
19
Suppose -l + 5 = 4*l - 5*d, -4*d + 8 = 0. Calculate the remainder when (3 - 4)*3 - (0 + -6) is divided by l.
0
Let f = -174 + 179. Suppose -10*s + f*b = -8*s - 379, -4*s = b - 725. Calculate the remainder when s is divided by 8.
6
Let o = -13 + 27. Let x = o - 3. Suppose -82 = -6*k - 22. What is the remainder when x is divided by k?
1
Suppose -y = -2*y + 19. Let l(n) = -11912*n - 35734. What is the remainder when y is divided by l(-3)?
1
Suppose -20*w + 280 = -511 + 211. Suppose -k + 40 + 40 = 0. Calculate the remainder when k is divided by w.
22
Let o = 267 - 280. Let u(n) = -30*n - 4. Calculate the remainder when u(-3) is divided by (-52)/o - (-3 - 4).
9
Suppose -z + 8 = 3*n, 4*z - 2*z = -2*n + 12. Suppose 2*a - 25 = 5*c, -4*a = -6*a - c + 7. What is the remainder when 1*(-5 - -6 - (a + -6)) is divided by n?
0
Suppose -2*w - 5*x + 118 - 12 = 0, -x = 0. Let q = 76795 + -76776. What is the remainder when w is divided by q?
15
Let y = 1394 - 1380. What is the remainder when 25 is divided by y?
11
Let p(b) = 24*b + 579. What is the remainder when 460 is divided by p(-20)?
64
Suppose 4*n - 28 = -4*b, n + 3*b = -3 + 8. Let u(h) = h**2 - 3*h - 1. Let r be u(4). What is the remainder when (-8)/(2/(-9) + r + -3) is divided by n?
4
Suppose 2*o - 4*y - 90 = -6*y, o + 3*y - 45 = 0. Suppose 19*v - 750 = 27*v - 23*v. What is the remainder when v is divided by o?
5
Let u(z) = -z**3 - 15*z**2 - 30*z - 10. Let x(c) = 4*c**2 + 15*c - 4. Let n be x(-3). Calculate the remainder when u(n) is divided by 10.
2
Let h = 5 - 5. Suppose h = 5*p + 3 + 67. What is the remainder when 25 is divided by 1/(-1 + p/(-13))?
12
Suppose -483 + 23 = -10*g. Suppose 38*k = 36*k + g. Calculate the remainder when k is divided by 18.
5
Let u(x) be the third derivative of 1/12*x**4 + 33*x**2 + 0 + 0*x + 1/6*x**3 + 1/15*x**6 - 1/20*x**5. What is the remainder when u(2) is divided by 22?
13
Let i(a) = 13 + 1 - 50 - 36*a + 16. What is the remainder when 102 is divided by i(-2)?
50
Let x(p) = -3*p**2 - 12*p - 15. Let a be x(-3). Let w = -3 - a. Suppose 132 = 5*y - s, 0 = w*s + s - 12. Calculate the remainder when 48 is divided by y.
21
Suppose 0 = -4*l + 4*w + 1008, -6*w + 1006 = 4*l - 9*w. What is the remainder when l is divided by 46?
20
Suppose 30 = 3*v - 5*o, 3*v + 4*o = 6*v - 27. Suppose -i = v - 2. Let s(x) = 5*x**2 + 4*x - 7. Calculate the remainder when 103 is divided by s(i).
25
Calculate the remainder when 14634/(-45)*20/(-8) is divided by 398.
17
Let o = 330 - 259. Calculate the remainder when o is divided by 40.
31
Suppose 0 = -3*d + 2*d + 364. Let j = d + -340. Suppose -g = -2*f + g + 144, -5*g = f - 66. Calculate the remainder when f is divided by j.
23
Let r(k) = -k**3 - 24*k**2 + 49*k + 373. Calculate the remainder when r(-26) is divided by 113.
112
Suppose -2*i + 7540 = 3*l, -1575*i - 4*l - 7568 = -1577*i. What is the remainder when i is divided by 22?
14
Let m(j) = -j**2 + 32*j + 58. Let a be m(34). Calculate the remainder when 62 is divided by a/(-2)*40*8/50.
30
Suppose -15*a + 1920 = -5*a. Suppose -7*c + a = 5*c. Calculate the remainder when 142 is divided by c.
14
Suppose -17*y = -4*y + 3263. Let j = y - -264. What is the remainder when 348 is divided by j?
10
Suppose -9 = -3*q - 0*q. Suppose -30 = -0*n - q*n. Let k(u) = -u**2 + 9*u + 20. Calculate the remainder when k(n) is divided by 4.
2
Let x = -2 - -2. Suppose -12*s + 1055 = -25. Suppose -12 = -4*v, 5*b + x*b - s = -5*v. What is the remainder when b is divided by 4?
3
Suppose 16*s - 2*s = 182. Suppose -s*w = -259 - 456. Suppose v = -4*v + 70. Calculate the remainder when w is divided by v.
13
Suppose -53*y + 46*y + 1246 = 0. Calculate the remainder when y is divided by 36.
34
Calculate the remainder when 694 is divided by (32/(-40))/(11/(-1045)).
10
Let k = 202 - 197. Let y(d) = 4*d + 67. What is the remainder when y(k) is divided by 13?
9
Let b be (-10 - 1012/(-55))*30/3. Suppose 20*t - b = 136. What is the remainder when 153 is divided by t?
10
Let r = 1949 + -1159. Let f = r + -632. Calculate the remainder when f is divided by 1*-1*(-23 - 0).
20
Let n(b) = b**3 + 20*b**2 + 64*b + 13. Calculate the remainder when 1322 is divided by n(-4).
9
Let f = -15845 - -15938. Calculate the remainder when 327 is divided by f.
48
Suppose 626 = -30*a + 86. Let g(x) = 16*x**2 + 273*x - 19. What is the remainder when g(a) is divided by 9?
8
Let q = 71 - 60. Let j(v) = -2*v + 240. Calculate the remainder when j(-22) is divided by q.
9
Let s = 137 - 247. Let v be 88/s - 2/10. What is the remainder when 52 is divided by (2 + 0 + v - -13) + 0?
10
Suppose -3*c + 8*c - 90 = 0. Suppose 5*h = 73 - c. Let l(w) = -7*w + 76. Calculate the remainder when l(0) is divided by h.
10
Suppose -1260 = -7*y + 2408. Suppose 31*v + y = 35*v. What is the remainder when v is divided by 34?
29
Let k(p) = -p**2 + 2*p + 45. Let g(l) = -4*l**2 + 9*l + 179. Let z(i) = -2*g(i) + 9*k(i). What is the remainder when z(0) is divided by 8?
7
What is the remainder when -5*((-26)/(-6))